1100
Convert 11001210101 (base 3) to base 7.
452230
What is -20011011102102 (base 3) in base 10?
-3270602
Convert -141140143 (base 5) to base 4.
-2300313013
Convert 95645 (base 14) to base 16.
580fd
-11766b3 (base 12) to base 15
-46ec90
Convert -1412114 (base 6) to base 9.
-131081
What is 110000110111110000110101 (base 2) in base 3?
220002212211020
What is 402114434 (base 5) in base 4?
12012022213
-467483 (base 9) to base 10
-281064
Convert 5691d (base 16) to base 11.
222454
Convert -101011000101 (base 3) to base 12.
-97724
Convert -1442061 (base 8) to base 15.
-81a33
-4522748 (base 9) to base 11
-1414398
17022 (base 15) to base 10
74282
Convert 144320221 (base 5) to base 9.
1412807
100422225 (base 6) to base 10
1713833
10963 (base 13) to base 16
75d3
Convert 7b9221 (base 13) to base 15.
3ce225
4203022 (base 6) to base 16
31856
125021064 (base 7) to base 12
2820863
9c85 (base 16) to base 15
bd14
Convert 403949 (base 10) to base 9.
675102
Convert -121300021 (base 4) to base 9.
-170621
192890 (base 10) to base 16
2f17a
What is -100012211 (base 3) in base 13?
-309a
11c83 (base 15) to base 10
56823
What is 100100100111020 (base 3) in base 10?
4967034
Convert -2002022000 (base 3) to base 8.
-120120
-124200141 (base 5) to base 15
-c264b
What is -2012001 (base 7) in base 4?
-322030302
Convert -5b5965 (base 13) to base 7.
-24362042
21111121020 (base 3) to base 12
71580
Convert 118944 (base 14) to base 10.
600016
-2945335 (base 14) to base 13
-4208085
Convert 4025526 (base 7) to base 4.
1310203002
10221221101 (base 3) to base 16
13087
What is 2760c0 (base 16) in base 7?
30635553
-101011110011110010 (base 2) to base 10
-179442
2052511 (base 6) to base 16
1883b
What is 2222102220010 (base 3) in base 12?
644326
-232312113 (base 4) to base 3
-100202020020
Convert 24503414 (base 6) to base 8.
2777402
Convert -1144251 (base 8) to base 10.
-313513
Convert -781057 (base 9) to base 16.
-71eb4
What is 200200011010 (base 3) in base 9?
620133
Convert -4422301 (base 8) to base 12.
-494141
-29818 (base 11) to base 6
-523332
Convert -4bd72 (base 15) to base 13.
-865ac
Convert -22587c2 (base 13) to base 12.
-3651ab2
What is -33440 (base 13) in base 5?
-10434002
What is 110011101010000110010101 (base 2) in base 9?
27428743
What is 4120521 (base 7) in base 6?
14315533
Convert 241610335 (base 7) to base 14.
1dd8b55
Convert -20000122101101 (base 3) to base 10.
-3201319
15636763 (base 9) to base 2
11101110100111110001101
-10e8b8c (base 15) to base 8
-56211326
Convert -251144 (base 6) to base 16.
-5728
Convert -c419b (base 13) to base 16.
-55e49
2292286 (base 11) to base 15
5402b1
What is 5152125 (base 7) in base 2?
10010110110101010011
Convert 592cb (base 16) to base 7.
3050616
What is 100011111010100010000 (base 2) in base 7?
13001021
What is 2245234 (base 6) in base 16?
1c216
What is -5717363 (base 9) in base 7?
-35125626
Convert -1a2950 (base 12) to base 6.
-13514140
What is 102231120113 (base 4) in base 16?
4ad617
1137151 (base 9) to base 2
10010110001111101011
What is -1044011 (base 6) in base 7?
-306451
What is 20122110 (base 5) in base 9?
264643
1d745 (base 14) to base 13
284b4
Convert -11000100000101111 (base 2) to base 8.
-304057
-141b0 (base 14) to base 2
-1100001001001110
Convert -5320187 (base 9) to base 4.
-22313032102
Convert -6045834 (base 10) to base 5.
-3021431314
Convert 3a44a6 (base 12) to base 8.
3525676
Convert -11111011000011011 (base 2) to base 14.
-34bb5
Convert -3477a (base 14) to base 4.
-133023120
Convert -17bf20 (base 16) to base 2.
-101111011111100100000
Convert 98972 (base 16) to base 4.
2120211302
What is 4563 (base 9) in base 2?
110100110010
What is -d43b1 (base 14) in base 2?
-1111100110010010111
What is 41c1338 (base 13) in base 4?
1030120223030
-b7aa9b (base 13) to base 16
-41bbe2
Convert -a2578 (base 11) to base 9.
-247382
Convert 21013535 (base 6) to base 3.
1010220221112
Convert ba069 (base 15) to base 11.
373902
What is -863882 (base 10) in base 6?
-30303242
What is 613133 (base 7) in base 3?
12022010122
What is 7202 (base 10) in base 7?
26666
56357 (base 9) to base 11
26178
Convert 4423022 (base 6) to base 5.
24032412
Convert -200202011202201 (base 3) to base 4.
-212000121001
What is 111001020202012 (base 3) in base 5?
3233331320
Convert 201102110102 (base 3) to base 9.
642412
Convert -280435 (base 9) to base 12.
-82b12
588063 (base 10) to base 3
1002212200010
What is -8503c (base 14) in base 11?
-1aa281
Convert 45136227 (base 8) to base 3.
200100020012111
What is 1011111000110011101 (base 2) in base 13?
1083c1
Convert 1a1a4 (base 15) to base 16.
14b12
Convert -318148 (base 9) to base 14.
-4d197
Convert -61451 (base 16) to base 7.
-3246365
Convert 84488 (base 9) to base 10.
55808
What is c1971 (base 15) in base 11?
389619
What is -18922 (base 14) in base 4?
-33023102
What is 1010000101101110 (base 2) in base 9?
62617
Convert -1132321330 (base 4) to base 2.
-1011110111001111100
10010010000111111100100 (base 2) to base 9
10007147
-1212420 (base 7) to base 4
-211233000
Convert -30110223123 (base 4) to base 8.
-14245333
Convert ad9421 (base 15) to base 7.
130256134
310544 (base 9) to base 15
3986d
9902 (base 14) to base 5
1321322
What is -b9384 (base 13) in base 10?
-334559
Convert -21202211122010 (base 3) to base 12.
-1472233
Convert -110110101101001011 (base 2) to base 7.
-1622165
Convert -5a413 (base 12) to base 11.
-83361
What is 3675877 (base 9) in base 6?
110502111
Convert -2accd4 (base 14) to base 2.
-101101101000011101010
111011110101100000 (base 2) to base 16
3bd60
-4197 (base 15) to base 2
-11011000101011
What is 2615808 (base 9) in base 4?
11130221012
11101110110011010101010 (base 2) to base 14
10799b4
What is 5455034 (base 10) in base 6?
312530442
Convert -11323311312 (base 4) to base 11.
-972a11
-c647 (base 13) to base 14
-9ddb
Convert -11220100200 (base 3) to base 5.
-11041424
-1e66ec (base 16) to base 10
-1992428
110000100101010111 (base 2) to base 4
300211113
Convert -5540430 (base 7) to base 8.
-2464165
What is 109532 (base 11) in base 7?
1322220
Convert -3300245 (base 10) to base 11.
-1954583
-84666 (base 11) to base 16
-1e172
-1bb8c8 (base 16) to base 15
-25d486
-3d802 (base 14) to base 16
-253aa
Convert -399b2 (base 15) to base 13.
-65c4b
What is 50189 (base 16) in base 10?
328073
-1432243240 (base 5) to base 4
-32131121231
What is 514524 (base 6) in base 5?
2304421
14214144 (base 6) to base 12
1b4354
ca425 (base 13) to base 7
3051222
Convert -11000100011010100100 (base 2) to base 7.
-6560346
-4342343 (base 5) to base 11
-51160
What is -11814e (base 15) in base 10?
-837299
Convert 1331330110 (base 4) to base 14.
d5dd2
What is 14242201 (base 6) in base 3?
220210010201
What is 1195b (base 12) in base 16?
5d17
What is -152933 (base 10) in base 12?
-74605
What is -c74952 (base 13) in base 12?
-1690163
130022341 (base 5) to base 2
10011000111110100100
22041 (base 6) to base 11
2322
-128337 (base 9) to base 14
-20756
Convert -40302151 (base 8) to base 16.
-818469
What is 18c7f5 (base 16) in base 10?
1624053
Convert 1233131 (base 4) to base 6.
53005
Convert 49626 (base 12) to base 7.
562524
Convert 2b1ca (base 13) to base 14.
21a64
-3a0c24 (base 13) to base 15
-1ca417
Convert -111746 (base 9) to base 7.
-366120
What is -17126327 (base 9) in base 5?
-4144023434
What is 7001541 (base 8) in base 13?
4c3820
-3623162 (base 7) to base 14
-bd769
-324085 (base 11) to base 5
-113032402
What is 172448 (base 13) in base 8?
2145536
Convert 1011121202202 (base 3) to base 2.
10010111111100111101
-1450127 (base 8) to base 7
-3342236
101122020122 (base 3) to base 7
1531334
Convert 136503 (base 8) to base 5.
3022301
What is -3343122 (base 5) in base 4?
-32130122
Convert -a1a1a (base 11) to base 12.
-72264
Convert -30114114 (base 6) to base 12.
-34b93a
What is 3743540 (base 10) in base 15?
4de2e5
Convert -370327 (base 9) to base 2.
-110110100001101110
121233232 (base 4) to base 15
213a4
e585 (base 16) to base 8
162605
238930 (base 13) to base 5
204104110
-2004342 (base 8) to base 5
-113322222
15020665 (base 7) to base 5
330320211
-3265633 (base 7) to base 3
-202110210221
What is -45d8f3 (base 16) in base 15?
-606483
101101001110000110000 (base 2) to base 14
2a8012
What is 21626562 (base 7) in base 3?
10112010220020
Convert -204381 (base 